 Determine h(-4).
-26
Let l(b) = b**3 - 12*b**2 + 20*b + 14. Give l(10).
14
Let g(o) = 94*o - 1227. Give g(13).
-5
Let y(l) = -2*l**2 - 8*l + 2. Determine y(-3).
8
Let y(m) = -47*m - 98. Calculate y(-2).
-4
Let x(v) = -v**3 - 12*v**2 + 7*v + 1. Give x(-13).
79
Let z(m) = m - 3. Give z(3).
0
Let b(f) = -3*f - 81. What is b(-25)?
-6
Let v(g) = -4*g**2 - 7*g + 2. Determine v(-4).
-34
Let m(v) = 4*v - 1. Determine m(3).
11
Let f(x) = -x**3 - 9*x**2 - 8*x - 4. Determine f(-8).
-4
Let f(m) = m**3 - 18*m**2 + 3*m - 67. Give f(18).
-13
Let h(p) = -p - 9. Calculate h(-3).
-6
Let m(i) = i**2 - 19*i - 4. What is m(18)?
-22
Let s(r) = 6*r**3 - 4*r**2 + 3*r. Determine s(1).
5
Let y(b) = -47*b + 236. Calculate y(5).
1
Let m(g) = -g**3 + 6*g**2 + 8*g - 15. Calculate m(7).
-8
Let x(r) = -14*r**2 - 7*r - 1. Calculate x(3).
-148
Let o(s) = -s**2 + 3*s + 17. Determine o(5).
7
Let t(z) = z**3 - 7*z**2 + 10*z - 11. Calculate t(6).
13
Let d(f) = -5*f + 35. Determine d(8).
-5
Let a(y) = -y. Determine a(4).
-4
Let z(u) = -u**3 - 5*u**2 + 8*u + 3. Determine z(-7).
45
Let k(j) = -63*j - 208. Give k(-3).
-19
Let y(t) = -t**2 - 2*t - 6. Calculate y(-2).
-6
Let a(u) = u**2 - 13*u + 9. Determine a(9).
-27
Let v(c) = -4*c**3 + 2*c**2 - 2*c + 4. Calculate v(2).
-24
Let s(t) = t**2 - 6*t + 13. Give s(4).
5
Let k(j) = 15*j**3 + j. Give k(-1).
-16
Let o(k) = -8*k**2 - 50*k + 23. What is o(-7)?
-19
Let k(q) = 9*q - 61. Calculate k(7).
2
Let c(v) = 2*v**2 - 16. Determine c(-4).
16
Let h(j) = j**2 - 32*j + 43. What is h(26)?
-113
Let l(d) = -2*d - 3. What is l(-7)?
11
Let x(o) = -o**2 + 27*o - 146. Calculate x(19).
6
Let v(n) = -n**3 - 10*n**2 - 22*n + 5. What is v(-6)?
-7
Let k(y) = -y**3 - 5*y**2 - 13*y - 125. What is k(-6)?
-11
Let d(z) = 3*z**3 - z**2 - 1. What is d(2)?
19
Let f(z) = 4*z**3 + 13*z**2 - 7*z - 12. Calculate f(-5).
-152
Let g(s) = s**3 - 11*s**2 - 2*s + 16. Calculate g(11).
-6
Let n(a) = -a**2 + 6*a - 6. Calculate n(-6).
-78
Let b(d) = d**3 - 7*d**2 + d + 2. What is b(6)?
-28
Let x(p) = p**3 - 2*p**2 - 7*p + 9. What is x(4)?
13
Let d(q) = 4*q + 8. Calculate d(-11).
-36
Let g(f) = f**3 - 9*f**2 + 22*f - 5. Determine g(5).
5
Let r(n) = -2*n + 2. Determine r(5).
-8
Let p(m) = -20*m**2 - 20*m - 19. Give p(-1).
-19
Let b(r) = 64*r**3 - r**2 + 2. Calculate b(-1).
-63
Let k(v) = -2*v**3 + 6*v**2 + 10*v - 50. Calculate k(3).
-20
Let x(i) = -i**3 - 8*i**2 + 5*i - 22. Give x(-9).
14
Let b(k) = -k**3 - 4*k**2 + 6. Determine b(-4).
6
Let d(j) = -j**2 + 15*j + 32. Give d(12).
68
Let m(g) = -g**2 + 10*g + 101. Give m(-7).
-18
Let p(k) = 2*k + 9. Give p(-6).
-3
Let t(h) = -h**3 + 10*h**2 + 26*h + 8. Calculate t(12).
32
Let t(s) = -s**3 + 17*s**2 - 4*s + 38. Calculate t(17).
-30
Let h(j) = -3*j**2 + 65*j - 165. Determine h(3).
3
Let g(y) = y**3 + 5*y**2 - 4*y + 12. Give g(-6).
0
Let r(j) = -j + 11. What is r(18)?
-7
Let f(s) = -2*s**3 + s**2 - 6*s + 12. Give f(2).
-12
Let u(z) = z**3 + 24*z**2 + 24*z + 18. Calculate u(-23).
-5
Let m(f) = -4*f**2 + 9*f - 2. Give m(2).
0
Let l(g) = -92*g - 89. Give l(-1).
3
Let b(c) = -12*c - 2. Calculate b(0).
-2
Let n(j) = j**3 - 4*j**2 - 5*j + 3. Calculate n(5).
3
Let f(x) = -3*x**3 + 6*x**2 + 11*x + 7. Calculate f(-2).
33
Let c(s) = -2*s - 2. What is c(5)?
-12
Let h(b) = -43*b + 181. Determine h(4).
9
Let q(k) = -k**2 - 19*k - 74. Determine q(-6).
4
Let p(t) = -t**2 + 4*t - 1. What is p(3)?
2
Let u(r) = -r**3 - 12*r**2 - 23*r - 37. Determine u(-10).
-7
Let y(i) = i + 7. What is y(-12)?
-5
Let c(d) = -d**3 + 11*d**2 + 2*d - 16. Determine c(11).
6
Let f(t) = 2*t - 2. Calculate f(1).
0
Let d(k) = k**3 - 2*k**2 - 4*k + 4. Calculate d(4).
20
Let o(b) = -b**2 + 3*b - 4. Calculate o(0).
-4
Let a(y) = y**2 - 18*y + 13. Give a(14).
-43
Let s(a) = -4*a - 5. Give s(7).
-33
Let r(v) = 4*v - 46. Calculate r(14).
10
Let x(l) = -7*l - 8. What is x(-3)?
13
Let r(y) = 8*y - 62. Give r(7).
-6
Let k(r) = -24*r - 322. Give k(-13).
-10
Let u(d) = 7*d**3 - 2*d**2 + 1. Calculate u(-1).
-8
Let m(u) = -9*u**2 - 7*u + 4. What is m(-2)?
-18
Let k(y) = -y**3 - y**2 - 11*y + 7. Calculate k(0).
7
Let z(q) = 59*q + 14. Determine z(2).
132
Let p(m) = m**2 - 25. Calculate p(0).
-25
Let u(s) = 40*s + 316. What is u(-8)?
-4
Let n(h) = h**3 + 8*h**2 + 2*h + 4. What is n(-8)?
-12
Let g(y) = -2*y**2 + 2*y + 12. What is g(-5)?
-48
Let z(y) = y**3 + 10*y**2 + 12*y - 7. Calculate z(-9).
-34
Let t(a) = 5*a - 120. Calculate t(13).
-55
Let g(u) = 2*u**3 - 8*u**2 + 6*u - 8. Calculate g(4).
16
Let j(u) = u**2 + 10*u + 2. Determine j(-8).
-14
Let n(x) = 2*x - 16. Determine n(13).
10
Let r(p) = -2*p**2 + 5*p - 2. Give r(6).
-44
Let f(o) = -o**3 + 4*o**2 + 14*o - 40. Determine f(5).
5
Let h(w) = -8*w**2 + w + 2. What is h(-1)?
-7
Let k(b) = -2*b**2 + 4*b + 13. Calculate k(-3).
-17
Let g(t) = -t**3 - 16*t**2 + 15*t - 30. What is g(-17)?
4
Let j(x) = -x**3 - 11*x**2 - 10*x + 7. What is j(-10)?
7
Let z(k) = 22*k + 2. Calculate z(-1).
-20
Let n(o) = -o**2 + 2*o + 8. Determine n(0).
8
Let d(v) = 5*v + 61. What is d(-20)?
-39
Let z(r) = -39*r - 255. What is z(-6)?
-21
Let b(k) = -3*k**2 + 7*k - 8. Determine b(4).
-28
Let c(y) = -y**2 + 1. Determine c(-1).
0
Let t(o) = -12*o + 48. Determine t(4).
0
Let y(x) = 8*x**2 + 3*x + 2. What is y(-1)?
7
Let c(d) = -5*d - 7. Give c(7).
-42
Let o(w) = -2*w + 9. Give o(2).
5
Let s(a) = -a**2 + 7*a - 3. Calculate s(7).
-3
Let a(u) = u**2 - 3*u + 19. Calculate a(5).
29
Let f(n) = n**3 + 5*n**2 - 3*n - 7. Calculate f(0).
-7
Let b(z) = z**3 - z**2 + 3*z + 34. Determine b(0).
34
Let x(o) = -o**3 - 5*o**2 + 5*o - 6. What is x(3)?
-63
Let h(n) = -2*n**2 - 30*n - 43. Calculate h(-14).
-15
Let a(t) = t**3 + 8*t**2 - 7*t - 3. Calculate a(-9).
-21
Let g(l) = -2*l - 4. What is g(4)?
-12
Let p(r) = 2*r - 6. What is p(7)?
8
Let k(i) = -2*i**2 + 8*i - 3. Calculate k(5).
-13
Let d(i) = -i**2 - 15*i - 23. Give d(-12).
13
Let i(y) = y**2 + 3*y. What is i(-3)?
0
Let k(c) = 2*c**2 - c - 9. Calculate k(-3).
12
Let h(v) = -v**3 + 17*v**2 + 3*v - 69. What is h(17)?
-18
Let y(x) = 25*x + 170. Give y(-7).
-5
Let d(i) = i**3 + 10*i**2 + 11*i - 5. Calculate d(-9).
-23
Let j(v) = -v**2 - 1. Give j(2).
-5
Let j(d) = -d**3 + 10*d**2 - 6*d - 15. Give j(9).
12
Let q(c) = c**3 + 6*c**2 - 17*c + 2. Give q(-8).
10
Let b(y) = -3*y - 3. Determine b(-3).
6
Let u(p) = p**3 + 13*p**2 + 12*p + 12. What is u(-12)?
12
Let h(s) = -6*s - 242. Determine h(-45).
28
Let p(t) = -4*t + 40. Determine p(8).
8
Let j(z) = z**2 - 2*z - 6. What is j(-6)?
42
Let i(f) = -f**3 - 2*f**2 - 7. What is i(-3)?
2
Let q(p) = -p**3 - 5*p**2 - 3*p - 14. Give q(-6).
40
Let d(y) = 35*y**2 - 1. What is d(1)?
34
Let i(q) = -3*q - 9. Calculate i(-8).
15
Let f(n) = -n**3 + 12*n**2 - 9*n - 11. Determine f(11).
11
Let d(x) = -16*x**2 - 11*x - 11. Determine d(-1).
-16
Let v(t) = -t**2 - 25*t - 17. Give v(-23).
29
Let v(o) = o**3 + 6*o**2 + 6*o + 7. Calculate v(-5).
2
Let q(m) = -m**3 - 7*m**2 + 11*m - 9. What is q(-9)?
54
Let c(y) = 2*y**2 - 28*y + 95. Calculate c(8).
-1
Let p(h) = -4*h - 14. Determine p(-1).
-10
Let i(l) = 2*l - 2. Calculate i(3).
4
Let o(x) = 60*x + 1. What is o(1)?
61
Let t(b) = -12*b. Calculate t(-1).
12
Let z(h) = -4*h - 11. Give z(0).
-11
Let l(w) = 3*w**2 + 28*w + 39. Calculate l(-8).
7
Let w(n) = n**2 + 22*n - 61. Determine w(-25).
14
Let a(y) = -y**2 + y + 28. What is a(0)?
28
Let f(l) = -l**2 - 2*l - 2. Give f(-7).
-37
Let h(r) = r**3 - 9*r**2 + 10*r - 20. What is h(8)?
-4
Let m(g) = g**2 - 10*g + 18. Determine m(6).
-6
Let i(d) = -d**2 - 16*d + 56. Calculate i(-20).
-24
Let n(c) = c - 30. Calculate n(12).
-18
Let n(o) = 5*o - 16. Calculate n(8).
24
Let k(b) = -b**2 + 8*b - 42. What is k(13)?
-107
Let a(x) = x**3 + 41*x**2 + 39*x - 32. What is a(-40)?
8
Let t(p) = p**2 + p + 17. Calculate t(0).
17
Let m(v) = v**2 + 3*v - 8. What is m(-5)?
2
Let y(j) = j**3 + 7*j**2 + 3*j - 17. What is y(-6)?
1
Let r(q) = -q**2 + 12*q + 67. What is r(17)?
-18
Let w(t) = 2*t**2 - 4*t - 5. What is w(6)?
43
Let z(n) = -n**3 + 27*n**2 - 31*n + 128. Give z(26).
-2
Let h(k) = k**3 + 3*k**2 + k + 3. What is h(-3)?
0
Let c(a) = a**3 - 11*a**2 - 11*a - 18. Calculate c(12).
-6
Let w(s) = -s**2 + 9*s - 7. Give w(13).
-59
Let o(x) = -2*x**2 - 82*x + 174. Give o(-43).
2
Let i(w) = 3*w**2 - 9*w + 12. Calculate i(4).
24
Let s(k) = 2*k - 